e millions digit of 146061187?
6
What is the tens digit of 994128200?
0
What is the tens digit of 4789379992?
9
What is the thousands digit of 581984721?
4
What is the tens digit of 11278944?
4
What is the hundred thousands digit of 3310729520?
7
What is the tens digit of 100170860?
6
What is the hundred thousands digit of 19920077?
9
What is the tens digit of 1365035750?
5
What is the ten millions digit of 3799668977?
9
What is the tens digit of 2510660900?
0
What is the ten millions digit of 3535589814?
3
What is the hundred thousands digit of 374778521?
7
What is the thousands digit of 854891550?
1
What is the hundreds digit of 197203612?
6
What is the hundred thousands digit of 244089723?
0
What is the hundreds digit of 1066810291?
2
What is the millions digit of 29976262?
9
What is the ten millions digit of 47983325?
4
What is the ten millions digit of 38969345?
3
What is the ten thousands digit of 221311910?
1
What is the hundred thousands digit of 37750036?
7
What is the ten millions digit of 166277609?
6
What is the ten thousands digit of 237091259?
9
What is the hundred millions digit of 3023460540?
0
What is the thousands digit of 65879173?
9
What is the thousands digit of 170349757?
9
What is the tens digit of 1079324546?
4
What is the tens digit of 570039428?
2
What is the millions digit of 830097087?
0
What is the hundred thousands digit of 1513788889?
7
What is the hundred thousands digit of 360667613?
6
What is the millions digit of 32228099?
2
What is the tens digit of 1913537906?
0
What is the thousands digit of 345070005?
0
What is the tens digit of 231462426?
2
What is the hundreds digit of 847525398?
3
What is the hundreds digit of 60259358?
3
What is the ten thousands digit of 923315361?
1
What is the tens digit of 141908703?
0
What is the hundred thousands digit of 23595668?
5
What is the hundred thousands digit of 10328289?
3
What is the hundreds digit of 181392480?
4
What is the ten millions digit of 44929814?
4
What is the hundreds digit of 52017759?
7
What is the hundred thousands digit of 1296480151?
4
What is the thousands digit of 241058236?
8
What is the hundred millions digit of 4764338047?
7
What is the billions digit of 1236635311?
1
What is the hundred millions digit of 103822559?
1
What is the ten thousands digit of 187703750?
0
What is the hundreds digit of 34571307?
3
What is the units digit of 85593948?
8
What is the thousands digit of 146691063?
1
What is the thousands digit of 1701711857?
1
What is the thousands digit of 60063637?
3
What is the units digit of 602276055?
5
What is the units digit of 3358709759?
9
What is the thousands digit of 31766131?
6
What is the ten millions digit of 38922851?
3
What is the ten thousands digit of 1636001982?
0
What is the thousands digit of 4165348?
5
What is the ten thousands digit of 191834563?
3
What is the millions digit of 79194305?
9
What is the ten thousands digit of 2791488731?
8
What is the millions digit of 5449927304?
9
What is the hundred millions digit of 1057067259?
0
What is the hundred millions digit of 133265661?
1
What is the tens digit of 3816102866?
6
What is the millions digit of 177220412?
7
What is the millions digit of 206552320?
6
What is the thousands digit of 18504117?
4
What is the hundred thousands digit of 337298897?
2
What is the hundreds digit of 334115228?
2
What is the millions digit of 83913345?
3
What is the units digit of 60610764?
4
What is the ten millions digit of 435626107?
3
What is the millions digit of 2705516934?
5
What is the hundred thousands digit of 62251232?
2
What is the hundreds digit of 4814167473?
4
What is the units digit of 3971996942?
2
What is the hundred millions digit of 165302793?
1
What is the units digit of 174866301?
1
What is the tens digit of 2425149913?
1
What is the units digit of 109455147?
7
What is the hundred millions digit of 993711617?
9
What is the ten millions digit of 33774270?
3
What is the ten millions digit of 2247782381?
4
What is the ten millions digit of 5412720936?
1
What is the millions digit of 1249499976?
9
What is the hundred thousands digit of 179429459?
4
What is the thousands digit of 6513429?
3
What is the millions digit of 681705062?
1
What is the ten thousands digit of 3266168245?
6
What is the ten millions digit of 23659370?
2
What is the ten thousands digit of 217555918?
5
What is the hundred thousands digit of 91944776?
9
What is the ten thousands digit of 52702008?
0
What is the ten thousands digit of 1360178567?
7
What is the units digit of 3610707686?
6
What is the tens digit of 657403247?
4
What is the hundreds digit of 134104143?
1
What is the ten thousands digit of 4805734633?
3
What is the ten thousands digit of 1642371272?
7
What is the hundred thousands digit of 65716924?
7
What is the ten thousands digit of 1569478858?
7
What is the hundred thousands digit of 79542806?
5
What is the hundred thousands digit of 659217246?
2
What is the tens digit of 121460616?
1
What is the millions digit of 26372066?
6
What is the thousands digit of 68646434?
6
What is the thousands digit of 840825158?
5
What is the units digit of 116857661?
1
What is the tens digit of 3555763121?
2
What is the units digit of 71447908?
8
What is the thousands digit of 455596250?
6
What is the tens digit of 49764646?
4
What is the ten thousands digit of 37792555?
9
What is the millions digit of 93043516?
3
What is the ten millions digit of 47052756?
4
What is the thousands digit of 33998991?
8
What is the hundred millions digit of 498164179?
4
What is the ten thousands digit of 98250520?
5
What is the ten thousands digit of 415117344?
1
What is the millions digit of 96683055?
6
What is the hundred millions digit of 327616581?
3
What is the hundred thousands digit of 6036425911?
4
What is the ten thousands digit of 458631989?
3
What is the hundreds digit of 27324796?
7
What is the hundreds digit of 134580313?
3
What is the units digit of 42402156?
6
What is the tens digit of 6949305815?
1
What is the hundred millions digit of 2864358019?
8
What is the hundreds digit of 139193212?
2
What is the ten thousands digit of 476866450?
6
What is the thousands digit of 92243614?
3
What is the ten thousands digit of 46640910?
4
What is the millions digit of 3174225?
3
What is the ten thousands digit of 783384449?
8
What is the millions digit of 6801870372?
1
What is the millions digit of 15649714?
5
What is the ten millions digit of 41491878?
4
What is the ten millions digit of 1163233417?
6
What is the ten thousands digit of 2472886471?
8
What is the hundred thousands digit of 445381887?
3
What is the hundred thousands digit of 171209655?
2
What is the millions digit of 55459202?
5
What is the thousands digit of 3844639322?
9
What is the thousands digit of 37632488?
2
What is the hundred millions digit of 107871997?
1
What is the hundred millions digit of 436628778?
4
What is the tens digit of 1001083592?
9
What is the tens digit of 1500604938?
3
What is the millions digit of 1461838229?
1
What is the units digit of 40400767?
7
What is the millions digit of 752408158?
2
What is the hundred thousands digit of 2968093107?
0
What is the hundred millions digit of 257068005?
2
What is the tens digit of 577445229?
2
What is the ten thousands digit of 14006535?
0
What is the hundred thousands digit of 5793901826?
9
What is the tens digit of 101863258?
5
What is the units digit of 20994202?
2
What is the thousands digit of 238432707?
2
What is the hundred thousands digit of 45607185?
6
What is the thousands digit of 5093686603?
6
What is the hundred thousands digit of 34313913?
3
What is the ten millions digit of 3032497724?
3
What is the tens digit of 15321757?
5
What is the hundreds digit of 501162?
1
What is the ten millions digit of 36128742?
3
What is the millions digit of 35105293?
5
What is the tens digit of 36934753?
5
What is the millions digit of 556787685?
6
What is the ten millions digit of 14353890?
1
What is the ten thousands digit of 73992378?
9
What is the millions digit of 511272356?
1
What is the ten millions digit of 209166218?
0
What is the units digit of 5230317554?
4
What is the units digit of 3117941860?
0
What is the ten thousands digit of 246812125?
1
What is the hundred millions digit 